{"id":66279,"date":"2025-07-30T19:31:46","date_gmt":"2025-07-30T17:31:46","guid":{"rendered":"https:\/\/www.colorker.com\/colecciones\/solaris\/"},"modified":"2026-03-30T22:18:55","modified_gmt":"2026-03-30T20:18:55","slug":"solaris","status":"publish","type":"colecciones","link":"https:\/\/www.colorker.com\/fr\/colecciones\/stone-community\/solaris\/","title":{"rendered":"Solaris"},"content":{"rendered":"<p>Inspir\u00e9e de la pierre Hontoria, Solaris interpr\u00e8te son caract\u00e8re avec un regard actuel et proche, ce qui en fait une collection qui r\u00e9cup\u00e8re la valeur \u00e9motionnelle de la pierre \u00e0 travers un graphisme chaleureux qui se distingue par son grain fin et son aspect uniforme. Cette pierre, utilis\u00e9e pour les monuments et les constructions embl\u00e9matiques, est un mat\u00e9riau id\u00e9al pour cr\u00e9er des espaces \u00e9l\u00e9gants et durables gr\u00e2ce \u00e0 ses qualit\u00e9s. Son graphisme, enrichi de la technologie Spectra, reproduit avec pr\u00e9cision la richesse visuelle de mat\u00e9riau original, apportant une profondeur tactile subtile qui accentue la sensation d\u2019authenticit\u00e9.<br \/>\n D\u00e9clin\u00e9e en une seule couleur &#8211; Amber &#8211; Solaris est disponible en finition mate dans les formats 59.5&#215;59.5 cm, 59.5&#215;119.2 cm, 90&#215;90 cm et 120&#215;120 cm. Elle comprend des versions Grip+ pour des projets en ext\u00e9rieur en 90&#215;90 cm et 120&#215;120 cm, offrant ainsi une continuit\u00e9 esth\u00e9tique et technique dans des projets int\u00e9graux.<br \/>\n Solaris est une collection pour celles et ceux en qu\u00eate d\u2019un \u00e9quilibre entre tradition et esprit contemporain. Une proposition qui transmet un aspect naturel et chaleureux, et un raffinement essentiel sur chaque pi\u00e8ce.<br \/>\n Le d\u00e9cor de Solaris, au format 59.5&#215;119.2 cm, pr\u00e9sente un relief aux lignes horizontales fines et d\u00e9licatement arrondies qui sillonnent subtilement la surface, cr\u00e9ant un effet visuel serein et naturel. Cette texture ajoute de la profondeur sans extravagance, apportant une valeur d\u00e9corative suppl\u00e9mentaire qui n\u2019interf\u00e8re pas avec l\u2019essence honn\u00eate de la pierre.<br \/>\n Un design con\u00e7u pour intensifier les nuances contemporaines et \u00e9l\u00e9gantes aux espaces en qu\u00eate d\u2019une esth\u00e9tique chaleureuse et \u00e9quilibr\u00e9e.<\/p>\n","protected":false},"parent":66428,"menu_order":0,"template":"","meta":{"_acf_changed":false},"color":[307],"efecto":[528],"espacio":[484,488,492,496,500,504],"formato":[338,342,346,356,365,438],"tipo":[274,284,295,569],"uso":[509,513],"class_list":["post-66279","colecciones","type-colecciones","status-publish","hentry","color-carreaux-marron","efecto-carreaux-pierre","espacio-carreaux-salle-de-bain","espacio-carreaux-cuisine","espacio-carreaux-salon","espacio-carreaux-espace-public","espacio-carreaux-chambre-a-coucher","espacio-carreaux-exterieur","formato-carreaux-moyens","formato-carreaux-grands","formato-90-90-2-carreaux-grands","formato-60-60-3-carreaux-moyens","formato-60-120-2-carreaux-grands","formato-120-120-2-carreaux-grands","tipo-gres-cerame","tipo-mate-2","tipo-spectra-3d-3","tipo-grip-fr","uso-carrelage-de-sol","uso-faience"],"acf":[],"yoast_head":"<!-- This site is optimized with the Yoast SEO plugin v27.5 - https:\/\/yoast.com\/product\/yoast-seo-wordpress\/ -->\n<title>Solaris - Colorker<\/title>\n<meta name=\"robots\" content=\"index, follow, max-snippet:-1, max-image-preview:large, max-video-preview:-1\" \/>\n<link rel=\"canonical\" href=\"https:\/\/www.colorker.com\/fr\/colecciones\/stone-community\/solaris\/\" \/>\n<meta property=\"og:locale\" content=\"fr_FR\" \/>\n<meta property=\"og:type\" content=\"article\" \/>\n<meta property=\"og:title\" content=\"Solaris - Colorker\" \/>\n<meta property=\"og:description\" content=\"Inspir\u00e9e de la pierre Hontoria, Solaris interpr\u00e8te son caract\u00e8re avec un regard actuel et proche, ce qui en fait une collection qui r\u00e9cup\u00e8re la valeur \u00e9motionnelle de la pierre \u00e0 travers un graphisme chaleureux qui se distingue par son grain fin et son aspect uniforme. Cette pierre, utilis\u00e9e pour les monuments et les constructions embl\u00e9matiques, [&hellip;]\" \/>\n<meta property=\"og:url\" content=\"https:\/\/www.colorker.com\/fr\/colecciones\/stone-community\/solaris\/\" \/>\n<meta property=\"og:site_name\" content=\"Colorker\" \/>\n<meta property=\"article:modified_time\" content=\"2026-03-30T20:18:55+00:00\" \/>\n<meta name=\"twitter:card\" content=\"summary_large_image\" \/>\n<meta name=\"twitter:label1\" content=\"Dur\u00e9e de lecture estim\u00e9e\" \/>\n\t<meta name=\"twitter:data1\" content=\"1 minute\" \/>\n<script type=\"application\/ld+json\" class=\"yoast-schema-graph\">{\"@context\":\"https:\\\/\\\/schema.org\",\"@graph\":[{\"@type\":\"WebPage\",\"@id\":\"https:\\\/\\\/www.colorker.com\\\/fr\\\/colecciones\\\/stone-community\\\/solaris\\\/\",\"url\":\"https:\\\/\\\/www.colorker.com\\\/fr\\\/colecciones\\\/stone-community\\\/solaris\\\/\",\"name\":\"Solaris - Colorker\",\"isPartOf\":{\"@id\":\"https:\\\/\\\/www.colorker.com\\\/fr\\\/#website\"},\"datePublished\":\"2025-07-30T17:31:46+00:00\",\"dateModified\":\"2026-03-30T20:18:55+00:00\",\"breadcrumb\":{\"@id\":\"https:\\\/\\\/www.colorker.com\\\/fr\\\/colecciones\\\/stone-community\\\/solaris\\\/#breadcrumb\"},\"inLanguage\":\"fr-FR\",\"potentialAction\":[{\"@type\":\"ReadAction\",\"target\":[\"https:\\\/\\\/www.colorker.com\\\/fr\\\/colecciones\\\/stone-community\\\/solaris\\\/\"]}]},{\"@type\":\"BreadcrumbList\",\"@id\":\"https:\\\/\\\/www.colorker.com\\\/fr\\\/colecciones\\\/stone-community\\\/solaris\\\/#breadcrumb\",\"itemListElement\":[{\"@type\":\"ListItem\",\"position\":1,\"name\":\"Portada\",\"item\":\"https:\\\/\\\/www.colorker.com\\\/fr\\\/\"},{\"@type\":\"ListItem\",\"position\":2,\"name\":\"Stone community\",\"item\":\"https:\\\/\\\/www.colorker.com\\\/fr\\\/colecciones\\\/stone-community\\\/\"},{\"@type\":\"ListItem\",\"position\":3,\"name\":\"Solaris\"}]},{\"@type\":\"WebSite\",\"@id\":\"https:\\\/\\\/www.colorker.com\\\/fr\\\/#website\",\"url\":\"https:\\\/\\\/www.colorker.com\\\/fr\\\/\",\"name\":\"Colorker\",\"description\":\"\",\"potentialAction\":[{\"@type\":\"SearchAction\",\"target\":{\"@type\":\"EntryPoint\",\"urlTemplate\":\"https:\\\/\\\/www.colorker.com\\\/fr\\\/?s={search_term_string}\"},\"query-input\":{\"@type\":\"PropertyValueSpecification\",\"valueRequired\":true,\"valueName\":\"search_term_string\"}}],\"inLanguage\":\"fr-FR\"}]}<\/script>\n<!-- \/ Yoast SEO plugin. -->","yoast_head_json":{"title":"Solaris - Colorker","robots":{"index":"index","follow":"follow","max-snippet":"max-snippet:-1","max-image-preview":"max-image-preview:large","max-video-preview":"max-video-preview:-1"},"canonical":"https:\/\/www.colorker.com\/fr\/colecciones\/stone-community\/solaris\/","og_locale":"fr_FR","og_type":"article","og_title":"Solaris - Colorker","og_description":"Inspir\u00e9e de la pierre Hontoria, Solaris interpr\u00e8te son caract\u00e8re avec un regard actuel et proche, ce qui en fait une collection qui r\u00e9cup\u00e8re la valeur \u00e9motionnelle de la pierre \u00e0 travers un graphisme chaleureux qui se distingue par son grain fin et son aspect uniforme. Cette pierre, utilis\u00e9e pour les monuments et les constructions embl\u00e9matiques, [&hellip;]","og_url":"https:\/\/www.colorker.com\/fr\/colecciones\/stone-community\/solaris\/","og_site_name":"Colorker","article_modified_time":"2026-03-30T20:18:55+00:00","twitter_card":"summary_large_image","twitter_misc":{"Dur\u00e9e de lecture estim\u00e9e":"1 minute"},"schema":{"@context":"https:\/\/schema.org","@graph":[{"@type":"WebPage","@id":"https:\/\/www.colorker.com\/fr\/colecciones\/stone-community\/solaris\/","url":"https:\/\/www.colorker.com\/fr\/colecciones\/stone-community\/solaris\/","name":"Solaris - Colorker","isPartOf":{"@id":"https:\/\/www.colorker.com\/fr\/#website"},"datePublished":"2025-07-30T17:31:46+00:00","dateModified":"2026-03-30T20:18:55+00:00","breadcrumb":{"@id":"https:\/\/www.colorker.com\/fr\/colecciones\/stone-community\/solaris\/#breadcrumb"},"inLanguage":"fr-FR","potentialAction":[{"@type":"ReadAction","target":["https:\/\/www.colorker.com\/fr\/colecciones\/stone-community\/solaris\/"]}]},{"@type":"BreadcrumbList","@id":"https:\/\/www.colorker.com\/fr\/colecciones\/stone-community\/solaris\/#breadcrumb","itemListElement":[{"@type":"ListItem","position":1,"name":"Portada","item":"https:\/\/www.colorker.com\/fr\/"},{"@type":"ListItem","position":2,"name":"Stone community","item":"https:\/\/www.colorker.com\/fr\/colecciones\/stone-community\/"},{"@type":"ListItem","position":3,"name":"Solaris"}]},{"@type":"WebSite","@id":"https:\/\/www.colorker.com\/fr\/#website","url":"https:\/\/www.colorker.com\/fr\/","name":"Colorker","description":"","potentialAction":[{"@type":"SearchAction","target":{"@type":"EntryPoint","urlTemplate":"https:\/\/www.colorker.com\/fr\/?s={search_term_string}"},"query-input":{"@type":"PropertyValueSpecification","valueRequired":true,"valueName":"search_term_string"}}],"inLanguage":"fr-FR"}]}},"_links":{"self":[{"href":"https:\/\/www.colorker.com\/fr\/wp-json\/wp\/v2\/colecciones\/66279","targetHints":{"allow":["GET"]}}],"collection":[{"href":"https:\/\/www.colorker.com\/fr\/wp-json\/wp\/v2\/colecciones"}],"about":[{"href":"https:\/\/www.colorker.com\/fr\/wp-json\/wp\/v2\/types\/colecciones"}],"up":[{"embeddable":true,"href":"https:\/\/www.colorker.com\/fr\/wp-json\/wp\/v2\/colecciones\/66428"}],"wp:attachment":[{"href":"https:\/\/www.colorker.com\/fr\/wp-json\/wp\/v2\/media?parent=66279"}],"wp:term":[{"taxonomy":"color","embeddable":true,"href":"https:\/\/www.colorker.com\/fr\/wp-json\/wp\/v2\/color?post=66279"},{"taxonomy":"efecto","embeddable":true,"href":"https:\/\/www.colorker.com\/fr\/wp-json\/wp\/v2\/efecto?post=66279"},{"taxonomy":"espacio","embeddable":true,"href":"https:\/\/www.colorker.com\/fr\/wp-json\/wp\/v2\/espacio?post=66279"},{"taxonomy":"formato","embeddable":true,"href":"https:\/\/www.colorker.com\/fr\/wp-json\/wp\/v2\/formato?post=66279"},{"taxonomy":"tipo","embeddable":true,"href":"https:\/\/www.colorker.com\/fr\/wp-json\/wp\/v2\/tipo?post=66279"},{"taxonomy":"uso","embeddable":true,"href":"https:\/\/www.colorker.com\/fr\/wp-json\/wp\/v2\/uso?post=66279"}],"curies":[{"name":"wp","href":"https:\/\/api.w.org\/{rel}","templated":true}]}}

<p>Inspirée de la pierre Hontoria, Solaris interprète son caractère avec un regard actuel et proche, ce qui en fait une collection qui récupère la valeur émotionnelle de la pierre à travers un graphisme chaleureux qui se distingue par son grain fin et son aspect uniforme. Cette pierre, utilisée pour les monuments et les constructions emblématiques, est un matériau idéal pour créer des espaces élégants et durables grâce à ses qualités. Son graphisme, enrichi de la technologie Spectra, reproduit avec précision la richesse visuelle de matériau original, apportant une profondeur tactile subtile qui accentue la sensation d’authenticité.<br />
 Déclinée en une seule couleur &#8211; Amber &#8211; Solaris est disponible en finition mate dans les formats 59.5&#215;59.5 cm, 59.5&#215;119.2 cm, 90&#215;90 cm et 120&#215;120 cm. Elle comprend des versions Grip+ pour des projets en extérieur en 90&#215;90 cm et 120&#215;120 cm, offrant ainsi une continuité esthétique et technique dans des projets intégraux.<br />
 Solaris est une collection pour celles et ceux en quête d’un équilibre entre tradition et esprit contemporain. Une proposition qui transmet un aspect naturel et chaleureux, et un raffinement essentiel sur chaque pièce.<br />
 Le décor de Solaris, au format 59.5&#215;119.2 cm, présente un relief aux lignes horizontales fines et délicatement arrondies qui sillonnent subtilement la surface, créant un effet visuel serein et naturel. Cette texture ajoute de la profondeur sans extravagance, apportant une valeur décorative supplémentaire qui n’interfère pas avec l’essence honnête de la pierre.<br />
 Un design conçu pour intensifier les nuances contemporaines et élégantes aux espaces en quête d’une esthétique chaleureuse et équilibrée.</p>

<!-- This site is optimized with the Yoast SEO plugin v27.5 - https://yoast.com/product/yoast-seo-wordpress/ -->
<title>Solaris - Colorker</title>
<meta name="robots" content="index, follow, max-snippet:-1, max-image-preview:large, max-video-preview:-1" />
<link rel="canonical" href="https://www.colorker.com/fr/colecciones/stone-community/solaris/" />
<meta property="og:locale" content="fr_FR" />
<meta property="og:type" content="article" />
<meta property="og:title" content="Solaris - Colorker" />
<meta property="og:description" content="Inspirée de la pierre Hontoria, Solaris interprète son caractère avec un regard actuel et proche, ce qui en fait une collection qui récupère la valeur émotionnelle de la pierre à travers un graphisme chaleureux qui se distingue par son grain fin et son aspect uniforme. Cette pierre, utilisée pour les monuments et les constructions emblématiques, [&hellip;]" />
<meta property="og:url" content="https://www.colorker.com/fr/colecciones/stone-community/solaris/" />
<meta property="og:site_name" content="Colorker" />
<meta property="article:modified_time" content="2026-03-30T20:18:55+00:00" />
<meta name="twitter:card" content="summary_large_image" />
<meta name="twitter:label1" content="Durée de lecture estimée" />
	<meta name="twitter:data1" content="1 minute" />
<script type="application/ld+json" class="yoast-schema-graph">{"@context":"https:\/\/schema.org","@graph":[{"@type":"WebPage","@id":"https:\/\/www.colorker.com\/fr\/colecciones\/stone-community\/solaris\/","url":"https:\/\/www.colorker.com\/fr\/colecciones\/stone-community\/solaris\/","name":"Solaris - Colorker","isPartOf":{"@id":"https:\/\/www.colorker.com\/fr\/#website"},"datePublished":"2025-07-30T17:31:46+00:00","dateModified":"2026-03-30T20:18:55+00:00","breadcrumb":{"@id":"https:\/\/www.colorker.com\/fr\/colecciones\/stone-community\/solaris\/#breadcrumb"},"inLanguage":"fr-FR","potentialAction":[{"@type":"ReadAction","target":["https:\/\/www.colorker.com\/fr\/colecciones\/stone-community\/solaris\/"]}]},{"@type":"BreadcrumbList","@id":"https:\/\/www.colorker.com\/fr\/colecciones\/stone-community\/solaris\/#breadcrumb","itemListElement":[{"@type":"ListItem","position":1,"name":"Portada","item":"https:\/\/www.colorker.com\/fr\/"},{"@type":"ListItem","position":2,"name":"Stone community","item":"https:\/\/www.colorker.com\/fr\/colecciones\/stone-community\/"},{"@type":"ListItem","position":3,"name":"Solaris"}]},{"@type":"WebSite","@id":"https:\/\/www.colorker.com\/fr\/#website","url":"https:\/\/www.colorker.com\/fr\/","name":"Colorker","description":"","potentialAction":[{"@type":"SearchAction","target":{"@type":"EntryPoint","urlTemplate":"https:\/\/www.colorker.com\/fr\/?s={search_term_string}"},"query-input":{"@type":"PropertyValueSpecification","valueRequired":true,"valueName":"search_term_string"}}],"inLanguage":"fr-FR"}]}</script>
<!-- / Yoast SEO plugin. -->

Inspirée de la pierre Hontoria, Solaris interprète son caractère avec un regard actuel et proche, ce qui en fait une collection qui récupère la valeur émotionnelle de la pierre à travers un graphisme chaleureux qui se distingue par son grain fin et son aspect uniforme. Cette pierre, utilisée pour les monuments et les constructions emblématiques, [&hellip;]
