{"id":66267,"date":"2025-07-30T19:33:01","date_gmt":"2025-07-30T17:33:01","guid":{"rendered":"https:\/\/www.colorker.com\/colecciones\/domus\/"},"modified":"2026-03-30T22:16:49","modified_gmt":"2026-03-30T20:16:49","slug":"domus","status":"publish","type":"colecciones","link":"https:\/\/www.colorker.com\/fr\/colecciones\/stone-community\/domus\/","title":{"rendered":"Domus"},"content":{"rendered":"<p>Domus r\u00e9cup\u00e8re le caract\u00e8re intemporel du ton Cr\u00e8me Ivoire dans sa version la plus sereine et la plus \u00e9pur\u00e9e. Inspir\u00e9e de la pierre vieillie avec une finition anticato, cette collection r\u00e9interpr\u00e8te le classique avec une approche actuelle, \u00e9quilibr\u00e9e et essentielle. La technologie Spectra, avec son graphisme doux de veines diffuses et ses eaux subtiles de couleur cr\u00e8me, cr\u00e9e une surface visuellement harmonieuse. Le r\u00e9sultat est une pierre qui transmet un calme visuel et une sophistication discr\u00e8te, parfaite pour des environnements en qu\u00eate de beaut\u00e9 raffin\u00e9e.<br \/>\nD\u00e9clin\u00e9e en une seule couleur &#8211; Cream &#8211; Domus est disponible dans les formats 59.5&#215;59.5 cm, 59.5&#215;119.5 cm, 90&#215;90 cm et 120&#215;120 cm en finition mate. Elle comprend \u00e9galement des versions Grip+ en 90&#215;90 cm et 120&#215;120 cm pour des installations \u00e0 l\u2019ext\u00e9rieur, \u00e9largissant ainsi son esth\u00e9tique honn\u00eate et accueillante aux espaces en contact avec l\u2019environnement.<br \/>\nDomus est une collection con\u00e7ue pour ceux qui valorisent la s\u00e9r\u00e9nit\u00e9 et l\u2019authenticit\u00e9 dans le design et optent pour des mat\u00e9riaux durables avec une \u00e2me classique et un langage actuel.<br \/>\nLa collection s&rsquo;enrichit de deux d\u00e9cors au format 59,5 x 119,2 cm qui enrichissent son expression visuelle avec de nouvelles textures d&rsquo;inspiration naturelle. Le d\u00e9cor pr\u00e9sente un relief v\u00e9g\u00e9tal raffin\u00e9 aux traits organiques et stylis\u00e9s qui parcourent la surface avec fluidit\u00e9, cr\u00e9ant un jeu d&rsquo;ombres et de lumi\u00e8res d&rsquo;une grande subtilit\u00e9. Le nouveau Lines interpr\u00e8te la pierre d&rsquo;un point de vue plus contemporain, avec un relief de lignes horizontales fines et continues qui apportent s\u00e9r\u00e9nit\u00e9 et sensation d&rsquo;espace.<br \/>\nLes deux designs dialoguent avec la base de Domus dans l&rsquo;\u00e9l\u00e9gance et la sobri\u00e9t\u00e9, offrant deux lectures compl\u00e9mentaires d&rsquo;une m\u00eame essence : la beaut\u00e9 intemporelle de la pierre r\u00e9interpr\u00e9t\u00e9e avec un \u00e9quilibre parfait entre tradition et modernit\u00e9.<\/p>\n","protected":false},"parent":66428,"menu_order":0,"template":"","meta":{"_acf_changed":false},"color":[303],"efecto":[528],"espacio":[484,488,492,496,500,504],"formato":[338,342,346,356,365,438],"tipo":[274,284,295,569],"uso":[509,513],"class_list":["post-66267","colecciones","type-colecciones","status-publish","hentry","color-carreaux-gris","efecto-carreaux-pierre","espacio-carreaux-salle-de-bain","espacio-carreaux-cuisine","espacio-carreaux-salon","espacio-carreaux-espace-public","espacio-carreaux-chambre-a-coucher","espacio-carreaux-exterieur","formato-carreaux-moyens","formato-carreaux-grands","formato-90-90-2-carreaux-grands","formato-60-60-3-carreaux-moyens","formato-60-120-2-carreaux-grands","formato-120-120-2-carreaux-grands","tipo-gres-cerame","tipo-mate-2","tipo-spectra-3d-3","tipo-grip-fr","uso-carrelage-de-sol","uso-faience"],"acf":[],"yoast_head":"<!-- This site is optimized with the Yoast SEO plugin v27.5 - https:\/\/yoast.com\/product\/yoast-seo-wordpress\/ -->\n<title>Domus - Colorker<\/title>\n<meta name=\"robots\" content=\"index, follow, max-snippet:-1, max-image-preview:large, max-video-preview:-1\" \/>\n<link rel=\"canonical\" href=\"https:\/\/www.colorker.com\/fr\/colecciones\/stone-community\/domus\/\" \/>\n<meta property=\"og:locale\" content=\"fr_FR\" \/>\n<meta property=\"og:type\" content=\"article\" \/>\n<meta property=\"og:title\" content=\"Domus - Colorker\" \/>\n<meta property=\"og:description\" content=\"Domus r\u00e9cup\u00e8re le caract\u00e8re intemporel du ton Cr\u00e8me Ivoire dans sa version la plus sereine et la plus \u00e9pur\u00e9e. Inspir\u00e9e de la pierre vieillie avec une finition anticato, cette collection r\u00e9interpr\u00e8te le classique avec une approche actuelle, \u00e9quilibr\u00e9e et essentielle. La technologie Spectra, avec son graphisme doux de veines diffuses et ses eaux subtiles de [&hellip;]\" \/>\n<meta property=\"og:url\" content=\"https:\/\/www.colorker.com\/fr\/colecciones\/stone-community\/domus\/\" \/>\n<meta property=\"og:site_name\" content=\"Colorker\" \/>\n<meta property=\"article:modified_time\" content=\"2026-03-30T20:16:49+00:00\" \/>\n<meta name=\"twitter:card\" content=\"summary_large_image\" \/>\n<meta name=\"twitter:label1\" content=\"Dur\u00e9e de lecture estim\u00e9e\" \/>\n\t<meta name=\"twitter:data1\" content=\"2 minutes\" \/>\n<script type=\"application\/ld+json\" class=\"yoast-schema-graph\">{\"@context\":\"https:\\\/\\\/schema.org\",\"@graph\":[{\"@type\":\"WebPage\",\"@id\":\"https:\\\/\\\/www.colorker.com\\\/fr\\\/colecciones\\\/stone-community\\\/domus\\\/\",\"url\":\"https:\\\/\\\/www.colorker.com\\\/fr\\\/colecciones\\\/stone-community\\\/domus\\\/\",\"name\":\"Domus - Colorker\",\"isPartOf\":{\"@id\":\"https:\\\/\\\/www.colorker.com\\\/fr\\\/#website\"},\"datePublished\":\"2025-07-30T17:33:01+00:00\",\"dateModified\":\"2026-03-30T20:16:49+00:00\",\"breadcrumb\":{\"@id\":\"https:\\\/\\\/www.colorker.com\\\/fr\\\/colecciones\\\/stone-community\\\/domus\\\/#breadcrumb\"},\"inLanguage\":\"fr-FR\",\"potentialAction\":[{\"@type\":\"ReadAction\",\"target\":[\"https:\\\/\\\/www.colorker.com\\\/fr\\\/colecciones\\\/stone-community\\\/domus\\\/\"]}]},{\"@type\":\"BreadcrumbList\",\"@id\":\"https:\\\/\\\/www.colorker.com\\\/fr\\\/colecciones\\\/stone-community\\\/domus\\\/#breadcrumb\",\"itemListElement\":[{\"@type\":\"ListItem\",\"position\":1,\"name\":\"Portada\",\"item\":\"https:\\\/\\\/www.colorker.com\\\/fr\\\/\"},{\"@type\":\"ListItem\",\"position\":2,\"name\":\"Stone community\",\"item\":\"https:\\\/\\\/www.colorker.com\\\/fr\\\/colecciones\\\/stone-community\\\/\"},{\"@type\":\"ListItem\",\"position\":3,\"name\":\"Domus\"}]},{\"@type\":\"WebSite\",\"@id\":\"https:\\\/\\\/www.colorker.com\\\/fr\\\/#website\",\"url\":\"https:\\\/\\\/www.colorker.com\\\/fr\\\/\",\"name\":\"Colorker\",\"description\":\"\",\"potentialAction\":[{\"@type\":\"SearchAction\",\"target\":{\"@type\":\"EntryPoint\",\"urlTemplate\":\"https:\\\/\\\/www.colorker.com\\\/fr\\\/?s={search_term_string}\"},\"query-input\":{\"@type\":\"PropertyValueSpecification\",\"valueRequired\":true,\"valueName\":\"search_term_string\"}}],\"inLanguage\":\"fr-FR\"}]}<\/script>\n<!-- \/ Yoast SEO plugin. -->","yoast_head_json":{"title":"Domus - Colorker","robots":{"index":"index","follow":"follow","max-snippet":"max-snippet:-1","max-image-preview":"max-image-preview:large","max-video-preview":"max-video-preview:-1"},"canonical":"https:\/\/www.colorker.com\/fr\/colecciones\/stone-community\/domus\/","og_locale":"fr_FR","og_type":"article","og_title":"Domus - Colorker","og_description":"Domus r\u00e9cup\u00e8re le caract\u00e8re intemporel du ton Cr\u00e8me Ivoire dans sa version la plus sereine et la plus \u00e9pur\u00e9e. Inspir\u00e9e de la pierre vieillie avec une finition anticato, cette collection r\u00e9interpr\u00e8te le classique avec une approche actuelle, \u00e9quilibr\u00e9e et essentielle. La technologie Spectra, avec son graphisme doux de veines diffuses et ses eaux subtiles de [&hellip;]","og_url":"https:\/\/www.colorker.com\/fr\/colecciones\/stone-community\/domus\/","og_site_name":"Colorker","article_modified_time":"2026-03-30T20:16:49+00:00","twitter_card":"summary_large_image","twitter_misc":{"Dur\u00e9e de lecture estim\u00e9e":"2 minutes"},"schema":{"@context":"https:\/\/schema.org","@graph":[{"@type":"WebPage","@id":"https:\/\/www.colorker.com\/fr\/colecciones\/stone-community\/domus\/","url":"https:\/\/www.colorker.com\/fr\/colecciones\/stone-community\/domus\/","name":"Domus - Colorker","isPartOf":{"@id":"https:\/\/www.colorker.com\/fr\/#website"},"datePublished":"2025-07-30T17:33:01+00:00","dateModified":"2026-03-30T20:16:49+00:00","breadcrumb":{"@id":"https:\/\/www.colorker.com\/fr\/colecciones\/stone-community\/domus\/#breadcrumb"},"inLanguage":"fr-FR","potentialAction":[{"@type":"ReadAction","target":["https:\/\/www.colorker.com\/fr\/colecciones\/stone-community\/domus\/"]}]},{"@type":"BreadcrumbList","@id":"https:\/\/www.colorker.com\/fr\/colecciones\/stone-community\/domus\/#breadcrumb","itemListElement":[{"@type":"ListItem","position":1,"name":"Portada","item":"https:\/\/www.colorker.com\/fr\/"},{"@type":"ListItem","position":2,"name":"Stone community","item":"https:\/\/www.colorker.com\/fr\/colecciones\/stone-community\/"},{"@type":"ListItem","position":3,"name":"Domus"}]},{"@type":"WebSite","@id":"https:\/\/www.colorker.com\/fr\/#website","url":"https:\/\/www.colorker.com\/fr\/","name":"Colorker","description":"","potentialAction":[{"@type":"SearchAction","target":{"@type":"EntryPoint","urlTemplate":"https:\/\/www.colorker.com\/fr\/?s={search_term_string}"},"query-input":{"@type":"PropertyValueSpecification","valueRequired":true,"valueName":"search_term_string"}}],"inLanguage":"fr-FR"}]}},"_links":{"self":[{"href":"https:\/\/www.colorker.com\/fr\/wp-json\/wp\/v2\/colecciones\/66267","targetHints":{"allow":["GET"]}}],"collection":[{"href":"https:\/\/www.colorker.com\/fr\/wp-json\/wp\/v2\/colecciones"}],"about":[{"href":"https:\/\/www.colorker.com\/fr\/wp-json\/wp\/v2\/types\/colecciones"}],"up":[{"embeddable":true,"href":"https:\/\/www.colorker.com\/fr\/wp-json\/wp\/v2\/colecciones\/66428"}],"wp:attachment":[{"href":"https:\/\/www.colorker.com\/fr\/wp-json\/wp\/v2\/media?parent=66267"}],"wp:term":[{"taxonomy":"color","embeddable":true,"href":"https:\/\/www.colorker.com\/fr\/wp-json\/wp\/v2\/color?post=66267"},{"taxonomy":"efecto","embeddable":true,"href":"https:\/\/www.colorker.com\/fr\/wp-json\/wp\/v2\/efecto?post=66267"},{"taxonomy":"espacio","embeddable":true,"href":"https:\/\/www.colorker.com\/fr\/wp-json\/wp\/v2\/espacio?post=66267"},{"taxonomy":"formato","embeddable":true,"href":"https:\/\/www.colorker.com\/fr\/wp-json\/wp\/v2\/formato?post=66267"},{"taxonomy":"tipo","embeddable":true,"href":"https:\/\/www.colorker.com\/fr\/wp-json\/wp\/v2\/tipo?post=66267"},{"taxonomy":"uso","embeddable":true,"href":"https:\/\/www.colorker.com\/fr\/wp-json\/wp\/v2\/uso?post=66267"}],"curies":[{"name":"wp","href":"https:\/\/api.w.org\/{rel}","templated":true}]}}

<p>Domus récupère le caractère intemporel du ton Crème Ivoire dans sa version la plus sereine et la plus épurée. Inspirée de la pierre vieillie avec une finition anticato, cette collection réinterprète le classique avec une approche actuelle, équilibrée et essentielle. La technologie Spectra, avec son graphisme doux de veines diffuses et ses eaux subtiles de couleur crème, crée une surface visuellement harmonieuse. Le résultat est une pierre qui transmet un calme visuel et une sophistication discrète, parfaite pour des environnements en quête de beauté raffinée.<br />
Déclinée en une seule couleur &#8211; Cream &#8211; Domus est disponible dans les formats 59.5&#215;59.5 cm, 59.5&#215;119.5 cm, 90&#215;90 cm et 120&#215;120 cm en finition mate. Elle comprend également des versions Grip+ en 90&#215;90 cm et 120&#215;120 cm pour des installations à l’extérieur, élargissant ainsi son esthétique honnête et accueillante aux espaces en contact avec l’environnement.<br />
Domus est une collection conçue pour ceux qui valorisent la sérénité et l’authenticité dans le design et optent pour des matériaux durables avec une âme classique et un langage actuel.<br />
La collection s&rsquo;enrichit de deux décors au format 59,5 x 119,2 cm qui enrichissent son expression visuelle avec de nouvelles textures d&rsquo;inspiration naturelle. Le décor présente un relief végétal raffiné aux traits organiques et stylisés qui parcourent la surface avec fluidité, créant un jeu d&rsquo;ombres et de lumières d&rsquo;une grande subtilité. Le nouveau Lines interprète la pierre d&rsquo;un point de vue plus contemporain, avec un relief de lignes horizontales fines et continues qui apportent sérénité et sensation d&rsquo;espace.<br />
Les deux designs dialoguent avec la base de Domus dans l&rsquo;élégance et la sobriété, offrant deux lectures complémentaires d&rsquo;une même essence : la beauté intemporelle de la pierre réinterprétée avec un équilibre parfait entre tradition et modernité.</p>

<!-- This site is optimized with the Yoast SEO plugin v27.5 - https://yoast.com/product/yoast-seo-wordpress/ -->
<title>Domus - Colorker</title>
<meta name="robots" content="index, follow, max-snippet:-1, max-image-preview:large, max-video-preview:-1" />
<link rel="canonical" href="https://www.colorker.com/fr/colecciones/stone-community/domus/" />
<meta property="og:locale" content="fr_FR" />
<meta property="og:type" content="article" />
<meta property="og:title" content="Domus - Colorker" />
<meta property="og:description" content="Domus récupère le caractère intemporel du ton Crème Ivoire dans sa version la plus sereine et la plus épurée. Inspirée de la pierre vieillie avec une finition anticato, cette collection réinterprète le classique avec une approche actuelle, équilibrée et essentielle. La technologie Spectra, avec son graphisme doux de veines diffuses et ses eaux subtiles de [&hellip;]" />
<meta property="og:url" content="https://www.colorker.com/fr/colecciones/stone-community/domus/" />
<meta property="og:site_name" content="Colorker" />
<meta property="article:modified_time" content="2026-03-30T20:16:49+00:00" />
<meta name="twitter:card" content="summary_large_image" />
<meta name="twitter:label1" content="Durée de lecture estimée" />
	<meta name="twitter:data1" content="2 minutes" />
<script type="application/ld+json" class="yoast-schema-graph">{"@context":"https:\/\/schema.org","@graph":[{"@type":"WebPage","@id":"https:\/\/www.colorker.com\/fr\/colecciones\/stone-community\/domus\/","url":"https:\/\/www.colorker.com\/fr\/colecciones\/stone-community\/domus\/","name":"Domus - Colorker","isPartOf":{"@id":"https:\/\/www.colorker.com\/fr\/#website"},"datePublished":"2025-07-30T17:33:01+00:00","dateModified":"2026-03-30T20:16:49+00:00","breadcrumb":{"@id":"https:\/\/www.colorker.com\/fr\/colecciones\/stone-community\/domus\/#breadcrumb"},"inLanguage":"fr-FR","potentialAction":[{"@type":"ReadAction","target":["https:\/\/www.colorker.com\/fr\/colecciones\/stone-community\/domus\/"]}]},{"@type":"BreadcrumbList","@id":"https:\/\/www.colorker.com\/fr\/colecciones\/stone-community\/domus\/#breadcrumb","itemListElement":[{"@type":"ListItem","position":1,"name":"Portada","item":"https:\/\/www.colorker.com\/fr\/"},{"@type":"ListItem","position":2,"name":"Stone community","item":"https:\/\/www.colorker.com\/fr\/colecciones\/stone-community\/"},{"@type":"ListItem","position":3,"name":"Domus"}]},{"@type":"WebSite","@id":"https:\/\/www.colorker.com\/fr\/#website","url":"https:\/\/www.colorker.com\/fr\/","name":"Colorker","description":"","potentialAction":[{"@type":"SearchAction","target":{"@type":"EntryPoint","urlTemplate":"https:\/\/www.colorker.com\/fr\/?s={search_term_string}"},"query-input":{"@type":"PropertyValueSpecification","valueRequired":true,"valueName":"search_term_string"}}],"inLanguage":"fr-FR"}]}</script>
<!-- / Yoast SEO plugin. -->

Domus récupère le caractère intemporel du ton Crème Ivoire dans sa version la plus sereine et la plus épurée. Inspirée de la pierre vieillie avec une finition anticato, cette collection réinterprète le classique avec une approche actuelle, équilibrée et essentielle. La technologie Spectra, avec son graphisme doux de veines diffuses et ses eaux subtiles de [&hellip;]
