{"id":66266,"date":"2025-07-30T19:33:01","date_gmt":"2025-07-30T17:33:01","guid":{"rendered":"https:\/\/www.colorker.com\/colecciones\/domus\/"},"modified":"2026-03-30T22:16:32","modified_gmt":"2026-03-30T20:16:32","slug":"domus","status":"publish","type":"colecciones","link":"https:\/\/www.colorker.com\/en\/colecciones\/stone-community\/domus\/","title":{"rendered":"Domus"},"content":{"rendered":"<p>Domus recupera el car\u00e1cter atemporal del Crema Marfil en su versi\u00f3n m\u00e1s serena y depurada. Inspirada en la piedra envejecida con acabado anticato, esta colecci\u00f3n reinterpreta el clasicismo desde un enfoque de hoy, equilibrada y esencial. La tecnolog\u00eda Spectra, junto con su gr\u00e1fica suave de vetas difusas y las sutiles aguas en tono crema, genera una superficie de armon\u00eda visual. El resultado es una piedra que transmite calma visual y sofisticaci\u00f3n discreta, perfecta para ambientes que buscan una belleza refinada.<br \/>\nDisponible en un \u00fanico color \u2014Cream\u2014, Domus se presenta en formatos 59.5&#215;59.5 cm, 59.5&#215;119.5 cm, 90&#215;90 cm y 120&#215;120 cm en acabado mate. Incorpora tambi\u00e9n versiones Grip+ en 90&#215;90 cm y 120&#215;120 cm para aplicaciones en exterior, extendiendo su est\u00e9tica honesta y acogedora a espacios conectados con el entorno.<br \/>\nDomus es una colecci\u00f3n pensada para quienes valoran la serenidad y la autenticidad en el dise\u00f1o, y apuestan por materiales duraderos con alma cl\u00e1sica y lenguaje actual.<br \/>\nLa colecci\u00f3n se ampl\u00eda con dos decorados en formato 59,5&#215;119,2 cm que enriquecen su expresi\u00f3n visual con nuevas texturas de inspiraci\u00f3n natural. El Decor presenta un refinado relieve vegetal de trazos org\u00e1nicos y estilizados que recorren la superficie con fluidez, generando un juego de luces y sombras de gran sutileza. El nuevo Lines interpreta la piedra desde una \u00f3ptica m\u00e1s contempor\u00e1nea, con un relieve de l\u00edneas horizontales finas y continuas que aportan serenidad y sensaci\u00f3n de amplitud.<br \/>\nAmbos dise\u00f1os dialogan con la base de Domus desde la elegancia y la mesura, ofreciendo dos lecturas complementarias de una misma esencia: la belleza atemporal de la piedra reinterpretada con un equilibrio perfecto entre tradici\u00f3n y modernidad.<\/p>\n","protected":false},"parent":66427,"menu_order":0,"template":"","meta":{"_acf_changed":false},"color":[302],"efecto":[527],"espacio":[483,487,491,495,499,503],"formato":[337,341,345,355,364,437],"tipo":[273,283,294,568],"uso":[508,512],"class_list":["post-66266","colecciones","type-colecciones","status-publish","hentry","color-grey-tiles","efecto-stone-tiles","espacio-bathroom-tiles","espacio-kitchen-tiles","espacio-living-room-tiles","espacio-public-space-tiles","espacio-bedroom-tiles","espacio-outdoor-tiles","formato-medium-tiles","formato-large-tiles","formato-90-90-large-tiles","formato-60-60-2-medium-tiles","formato-60-120-large-tiles","formato-120-120-large-tiles","tipo-porcelain-tiles","tipo-matt","tipo-spectra-3d-2","tipo-grip-en","uso-pavimento-en","uso-wall-tiles"],"acf":[],"yoast_head":"<!-- This site is optimized with the Yoast SEO plugin v27.5 - https:\/\/yoast.com\/product\/yoast-seo-wordpress\/ -->\n<title>Domus - Colorker<\/title>\n<meta name=\"robots\" content=\"index, follow, max-snippet:-1, max-image-preview:large, max-video-preview:-1\" \/>\n<link rel=\"canonical\" href=\"https:\/\/www.colorker.com\/en\/colecciones\/stone-community\/domus\/\" \/>\n<meta property=\"og:locale\" content=\"en_US\" \/>\n<meta property=\"og:type\" content=\"article\" \/>\n<meta property=\"og:title\" content=\"Domus - Colorker\" \/>\n<meta property=\"og:description\" content=\"Domus recupera el car\u00e1cter atemporal del Crema Marfil en su versi\u00f3n m\u00e1s serena y depurada. Inspirada en la piedra envejecida con acabado anticato, esta colecci\u00f3n reinterpreta el clasicismo desde un enfoque de hoy, equilibrada y esencial. La tecnolog\u00eda Spectra, junto con su gr\u00e1fica suave de vetas difusas y las sutiles aguas en tono crema, genera [&hellip;]\" \/>\n<meta property=\"og:url\" content=\"https:\/\/www.colorker.com\/en\/colecciones\/stone-community\/domus\/\" \/>\n<meta property=\"og:site_name\" content=\"Colorker\" \/>\n<meta property=\"article:modified_time\" content=\"2026-03-30T20:16:32+00:00\" \/>\n<meta name=\"twitter:card\" content=\"summary_large_image\" \/>\n<meta name=\"twitter:label1\" content=\"Est. reading time\" \/>\n\t<meta name=\"twitter:data1\" content=\"1 minute\" \/>\n<script type=\"application\/ld+json\" class=\"yoast-schema-graph\">{\"@context\":\"https:\\\/\\\/schema.org\",\"@graph\":[{\"@type\":\"WebPage\",\"@id\":\"https:\\\/\\\/www.colorker.com\\\/en\\\/colecciones\\\/stone-community\\\/domus\\\/\",\"url\":\"https:\\\/\\\/www.colorker.com\\\/en\\\/colecciones\\\/stone-community\\\/domus\\\/\",\"name\":\"Domus - Colorker\",\"isPartOf\":{\"@id\":\"https:\\\/\\\/www.colorker.com\\\/en\\\/#website\"},\"datePublished\":\"2025-07-30T17:33:01+00:00\",\"dateModified\":\"2026-03-30T20:16:32+00:00\",\"breadcrumb\":{\"@id\":\"https:\\\/\\\/www.colorker.com\\\/en\\\/colecciones\\\/stone-community\\\/domus\\\/#breadcrumb\"},\"inLanguage\":\"en-US\",\"potentialAction\":[{\"@type\":\"ReadAction\",\"target\":[\"https:\\\/\\\/www.colorker.com\\\/en\\\/colecciones\\\/stone-community\\\/domus\\\/\"]}]},{\"@type\":\"BreadcrumbList\",\"@id\":\"https:\\\/\\\/www.colorker.com\\\/en\\\/colecciones\\\/stone-community\\\/domus\\\/#breadcrumb\",\"itemListElement\":[{\"@type\":\"ListItem\",\"position\":1,\"name\":\"Portada\",\"item\":\"https:\\\/\\\/www.colorker.com\\\/en\\\/\"},{\"@type\":\"ListItem\",\"position\":2,\"name\":\"Stone community\",\"item\":\"https:\\\/\\\/www.colorker.com\\\/en\\\/colecciones\\\/stone-community\\\/\"},{\"@type\":\"ListItem\",\"position\":3,\"name\":\"Domus\"}]},{\"@type\":\"WebSite\",\"@id\":\"https:\\\/\\\/www.colorker.com\\\/en\\\/#website\",\"url\":\"https:\\\/\\\/www.colorker.com\\\/en\\\/\",\"name\":\"Colorker\",\"description\":\"\",\"potentialAction\":[{\"@type\":\"SearchAction\",\"target\":{\"@type\":\"EntryPoint\",\"urlTemplate\":\"https:\\\/\\\/www.colorker.com\\\/en\\\/?s={search_term_string}\"},\"query-input\":{\"@type\":\"PropertyValueSpecification\",\"valueRequired\":true,\"valueName\":\"search_term_string\"}}],\"inLanguage\":\"en-US\"}]}<\/script>\n<!-- \/ Yoast SEO plugin. -->","yoast_head_json":{"title":"Domus - Colorker","robots":{"index":"index","follow":"follow","max-snippet":"max-snippet:-1","max-image-preview":"max-image-preview:large","max-video-preview":"max-video-preview:-1"},"canonical":"https:\/\/www.colorker.com\/en\/colecciones\/stone-community\/domus\/","og_locale":"en_US","og_type":"article","og_title":"Domus - Colorker","og_description":"Domus recupera el car\u00e1cter atemporal del Crema Marfil en su versi\u00f3n m\u00e1s serena y depurada. Inspirada en la piedra envejecida con acabado anticato, esta colecci\u00f3n reinterpreta el clasicismo desde un enfoque de hoy, equilibrada y esencial. La tecnolog\u00eda Spectra, junto con su gr\u00e1fica suave de vetas difusas y las sutiles aguas en tono crema, genera [&hellip;]","og_url":"https:\/\/www.colorker.com\/en\/colecciones\/stone-community\/domus\/","og_site_name":"Colorker","article_modified_time":"2026-03-30T20:16:32+00:00","twitter_card":"summary_large_image","twitter_misc":{"Est. reading time":"1 minute"},"schema":{"@context":"https:\/\/schema.org","@graph":[{"@type":"WebPage","@id":"https:\/\/www.colorker.com\/en\/colecciones\/stone-community\/domus\/","url":"https:\/\/www.colorker.com\/en\/colecciones\/stone-community\/domus\/","name":"Domus - Colorker","isPartOf":{"@id":"https:\/\/www.colorker.com\/en\/#website"},"datePublished":"2025-07-30T17:33:01+00:00","dateModified":"2026-03-30T20:16:32+00:00","breadcrumb":{"@id":"https:\/\/www.colorker.com\/en\/colecciones\/stone-community\/domus\/#breadcrumb"},"inLanguage":"en-US","potentialAction":[{"@type":"ReadAction","target":["https:\/\/www.colorker.com\/en\/colecciones\/stone-community\/domus\/"]}]},{"@type":"BreadcrumbList","@id":"https:\/\/www.colorker.com\/en\/colecciones\/stone-community\/domus\/#breadcrumb","itemListElement":[{"@type":"ListItem","position":1,"name":"Portada","item":"https:\/\/www.colorker.com\/en\/"},{"@type":"ListItem","position":2,"name":"Stone community","item":"https:\/\/www.colorker.com\/en\/colecciones\/stone-community\/"},{"@type":"ListItem","position":3,"name":"Domus"}]},{"@type":"WebSite","@id":"https:\/\/www.colorker.com\/en\/#website","url":"https:\/\/www.colorker.com\/en\/","name":"Colorker","description":"","potentialAction":[{"@type":"SearchAction","target":{"@type":"EntryPoint","urlTemplate":"https:\/\/www.colorker.com\/en\/?s={search_term_string}"},"query-input":{"@type":"PropertyValueSpecification","valueRequired":true,"valueName":"search_term_string"}}],"inLanguage":"en-US"}]}},"_links":{"self":[{"href":"https:\/\/www.colorker.com\/en\/wp-json\/wp\/v2\/colecciones\/66266","targetHints":{"allow":["GET"]}}],"collection":[{"href":"https:\/\/www.colorker.com\/en\/wp-json\/wp\/v2\/colecciones"}],"about":[{"href":"https:\/\/www.colorker.com\/en\/wp-json\/wp\/v2\/types\/colecciones"}],"up":[{"embeddable":true,"href":"https:\/\/www.colorker.com\/en\/wp-json\/wp\/v2\/colecciones\/66427"}],"wp:attachment":[{"href":"https:\/\/www.colorker.com\/en\/wp-json\/wp\/v2\/media?parent=66266"}],"wp:term":[{"taxonomy":"color","embeddable":true,"href":"https:\/\/www.colorker.com\/en\/wp-json\/wp\/v2\/color?post=66266"},{"taxonomy":"efecto","embeddable":true,"href":"https:\/\/www.colorker.com\/en\/wp-json\/wp\/v2\/efecto?post=66266"},{"taxonomy":"espacio","embeddable":true,"href":"https:\/\/www.colorker.com\/en\/wp-json\/wp\/v2\/espacio?post=66266"},{"taxonomy":"formato","embeddable":true,"href":"https:\/\/www.colorker.com\/en\/wp-json\/wp\/v2\/formato?post=66266"},{"taxonomy":"tipo","embeddable":true,"href":"https:\/\/www.colorker.com\/en\/wp-json\/wp\/v2\/tipo?post=66266"},{"taxonomy":"uso","embeddable":true,"href":"https:\/\/www.colorker.com\/en\/wp-json\/wp\/v2\/uso?post=66266"}],"curies":[{"name":"wp","href":"https:\/\/api.w.org\/{rel}","templated":true}]}}

<p>Domus recupera el carácter atemporal del Crema Marfil en su versión más serena y depurada. Inspirada en la piedra envejecida con acabado anticato, esta colección reinterpreta el clasicismo desde un enfoque de hoy, equilibrada y esencial. La tecnología Spectra, junto con su gráfica suave de vetas difusas y las sutiles aguas en tono crema, genera una superficie de armonía visual. El resultado es una piedra que transmite calma visual y sofisticación discreta, perfecta para ambientes que buscan una belleza refinada.<br />
Disponible en un único color —Cream—, Domus se presenta en formatos 59.5&#215;59.5 cm, 59.5&#215;119.5 cm, 90&#215;90 cm y 120&#215;120 cm en acabado mate. Incorpora también versiones Grip+ en 90&#215;90 cm y 120&#215;120 cm para aplicaciones en exterior, extendiendo su estética honesta y acogedora a espacios conectados con el entorno.<br />
Domus es una colección pensada para quienes valoran la serenidad y la autenticidad en el diseño, y apuestan por materiales duraderos con alma clásica y lenguaje actual.<br />
La colección se amplía con dos decorados en formato 59,5&#215;119,2 cm que enriquecen su expresión visual con nuevas texturas de inspiración natural. El Decor presenta un refinado relieve vegetal de trazos orgánicos y estilizados que recorren la superficie con fluidez, generando un juego de luces y sombras de gran sutileza. El nuevo Lines interpreta la piedra desde una óptica más contemporánea, con un relieve de líneas horizontales finas y continuas que aportan serenidad y sensación de amplitud.<br />
Ambos diseños dialogan con la base de Domus desde la elegancia y la mesura, ofreciendo dos lecturas complementarias de una misma esencia: la belleza atemporal de la piedra reinterpretada con un equilibrio perfecto entre tradición y modernidad.</p>

<!-- This site is optimized with the Yoast SEO plugin v27.5 - https://yoast.com/product/yoast-seo-wordpress/ -->
<title>Domus - Colorker</title>
<meta name="robots" content="index, follow, max-snippet:-1, max-image-preview:large, max-video-preview:-1" />
<link rel="canonical" href="https://www.colorker.com/en/colecciones/stone-community/domus/" />
<meta property="og:locale" content="en_US" />
<meta property="og:type" content="article" />
<meta property="og:title" content="Domus - Colorker" />
<meta property="og:description" content="Domus recupera el carácter atemporal del Crema Marfil en su versión más serena y depurada. Inspirada en la piedra envejecida con acabado anticato, esta colección reinterpreta el clasicismo desde un enfoque de hoy, equilibrada y esencial. La tecnología Spectra, junto con su gráfica suave de vetas difusas y las sutiles aguas en tono crema, genera [&hellip;]" />
<meta property="og:url" content="https://www.colorker.com/en/colecciones/stone-community/domus/" />
<meta property="og:site_name" content="Colorker" />
<meta property="article:modified_time" content="2026-03-30T20:16:32+00:00" />
<meta name="twitter:card" content="summary_large_image" />
<meta name="twitter:label1" content="Est. reading time" />
	<meta name="twitter:data1" content="1 minute" />
<script type="application/ld+json" class="yoast-schema-graph">{"@context":"https:\/\/schema.org","@graph":[{"@type":"WebPage","@id":"https:\/\/www.colorker.com\/en\/colecciones\/stone-community\/domus\/","url":"https:\/\/www.colorker.com\/en\/colecciones\/stone-community\/domus\/","name":"Domus - Colorker","isPartOf":{"@id":"https:\/\/www.colorker.com\/en\/#website"},"datePublished":"2025-07-30T17:33:01+00:00","dateModified":"2026-03-30T20:16:32+00:00","breadcrumb":{"@id":"https:\/\/www.colorker.com\/en\/colecciones\/stone-community\/domus\/#breadcrumb"},"inLanguage":"en-US","potentialAction":[{"@type":"ReadAction","target":["https:\/\/www.colorker.com\/en\/colecciones\/stone-community\/domus\/"]}]},{"@type":"BreadcrumbList","@id":"https:\/\/www.colorker.com\/en\/colecciones\/stone-community\/domus\/#breadcrumb","itemListElement":[{"@type":"ListItem","position":1,"name":"Portada","item":"https:\/\/www.colorker.com\/en\/"},{"@type":"ListItem","position":2,"name":"Stone community","item":"https:\/\/www.colorker.com\/en\/colecciones\/stone-community\/"},{"@type":"ListItem","position":3,"name":"Domus"}]},{"@type":"WebSite","@id":"https:\/\/www.colorker.com\/en\/#website","url":"https:\/\/www.colorker.com\/en\/","name":"Colorker","description":"","potentialAction":[{"@type":"SearchAction","target":{"@type":"EntryPoint","urlTemplate":"https:\/\/www.colorker.com\/en\/?s={search_term_string}"},"query-input":{"@type":"PropertyValueSpecification","valueRequired":true,"valueName":"search_term_string"}}],"inLanguage":"en-US"}]}</script>
<!-- / Yoast SEO plugin. -->

Domus recupera el carácter atemporal del Crema Marfil en su versión más serena y depurada. Inspirada en la piedra envejecida con acabado anticato, esta colección reinterpreta el clasicismo desde un enfoque de hoy, equilibrada y esencial. La tecnología Spectra, junto con su gráfica suave de vetas difusas y las sutiles aguas en tono crema, genera [&hellip;]
