{"id":66276,"date":"2025-07-30T19:32:45","date_gmt":"2025-07-30T17:32:45","guid":{"rendered":"https:\/\/www.colorker.com\/colecciones\/origen\/"},"modified":"2026-03-30T22:18:31","modified_gmt":"2026-03-30T20:18:31","slug":"origen","status":"publish","type":"colecciones","link":"https:\/\/www.colorker.com\/de\/colecciones\/stone-community\/origen\/","title":{"rendered":"Origen"},"content":{"rendered":"<p>Origen nace de una piedra natural extra\u00edda de una cantera de Camboya. Su gr\u00e1fica de fondo claro, salpicado de f\u00f3siles en tonos c\u00e1lidos y delicadas vetas blancas, rica en matices org\u00e1nicos, transmite una calma visual profunda y una autenticidad atemporal, ahora reinterpretadas en una superficie cer\u00e1mica equilibrada y refinada. Gracias a la tecnolog\u00eda Spectra, incorpora una textura suave que realza su car\u00e1cter t\u00e1ctil sin alterar la pureza est\u00e9tica del conjunto.<br \/>\nDisponible en un \u00fanico tono \u2014Bone\u2014, se presenta en formatos 59.5&#215;59.5 cm, 59.5&#215;119.2 cm, 90&#215;90 cm y 120&#215;120 cm en acabado mate. Y si tu proyecto contempla zonas de exterior, tambi\u00e9n encontrar\u00e1s versiones Grip+ en 90&#215;90 cm y 120&#215;120 cm.<br \/>\nOrigen es una colecci\u00f3n pensada para espacios que apuestan por la naturalidad, la permanencia y una elegancia esencial; una propuesta cer\u00e1mica que interpreta el legado f\u00f3sil de la piedra desde una mirada contempor\u00e1nea.<br \/>\nLa colecci\u00f3n se ampl\u00eda con dos decorados en formato 59,5&#215;119,2 cm que exploran nuevas lecturas de la piedra desde la sutileza del relieve. Decor presenta una estructura de bandas regulares que recorre la superficie con un ritmo pausado, generando un juego de luces y sombras de gran equilibrio. Lines, por su parte, interpreta el relieve desde una visi\u00f3n m\u00e1s contempor\u00e1nea, con l\u00edneas finas y horizontales que fluyen con naturalidad, aportando sensaci\u00f3n de continuidad y amplitud. Ambos dise\u00f1os comparten una elegancia contenida y una profundidad visual que enriquecen el conjunto sin alterar su serenidad esencial, ampliando las posibilidades decorativas de Origen con una sensibilidad c\u00e1lida, sobria y atemporal.<\/p>\n","protected":false},"parent":66429,"menu_order":0,"template":"","meta":{"_acf_changed":false},"color":[305],"efecto":[529],"espacio":[485,489,493,497,501,505],"formato":[339,343,347,357,366,439],"tipo":[275,285,296,570],"uso":[507,511],"class_list":["post-66276","colecciones","type-colecciones","status-publish","hentry","color-fliesen-grau","efecto-fliesen-stein","espacio-fliesen-bad","espacio-fliesen-kueche","espacio-fliesen-wohnzimmer","espacio-fliesen-oeffentlicher-bereich","espacio-fliesen-schlafzimmer","espacio-fliesen-aussen","formato-fliesen-mittel","formato-fliesen-gross","formato-90-90-3-fliesen-gross","formato-60-60-4-fliesen-mittel","formato-60-120-3-fliesen-gross","formato-120-120-3-fliesen-gross","tipo-feinsteinzeug","tipo-matt-2","tipo-spectra-3d-4","tipo-grip-de","uso-bodenfliesen","uso-wandfliesen"],"acf":[],"yoast_head":"<!-- This site is optimized with the Yoast SEO plugin v27.5 - https:\/\/yoast.com\/product\/yoast-seo-wordpress\/ -->\n<title>Origen - Colorker<\/title>\n<meta name=\"robots\" content=\"index, follow, max-snippet:-1, max-image-preview:large, max-video-preview:-1\" \/>\n<link rel=\"canonical\" href=\"https:\/\/www.colorker.com\/de\/colecciones\/stone-community\/origen\/\" \/>\n<meta property=\"og:locale\" content=\"de_DE\" \/>\n<meta property=\"og:type\" content=\"article\" \/>\n<meta property=\"og:title\" content=\"Origen - Colorker\" \/>\n<meta property=\"og:description\" content=\"Origen nace de una piedra natural extra\u00edda de una cantera de Camboya. Su gr\u00e1fica de fondo claro, salpicado de f\u00f3siles en tonos c\u00e1lidos y delicadas vetas blancas, rica en matices org\u00e1nicos, transmite una calma visual profunda y una autenticidad atemporal, ahora reinterpretadas en una superficie cer\u00e1mica equilibrada y refinada. Gracias a la tecnolog\u00eda Spectra, incorpora [&hellip;]\" \/>\n<meta property=\"og:url\" content=\"https:\/\/www.colorker.com\/de\/colecciones\/stone-community\/origen\/\" \/>\n<meta property=\"og:site_name\" content=\"Colorker\" \/>\n<meta property=\"article:modified_time\" content=\"2026-03-30T20:18:31+00:00\" \/>\n<meta name=\"twitter:card\" content=\"summary_large_image\" \/>\n<meta name=\"twitter:label1\" content=\"Gesch\u00e4tzte Lesezeit\" \/>\n\t<meta name=\"twitter:data1\" content=\"1\u00a0Minute\" \/>\n<script type=\"application\/ld+json\" class=\"yoast-schema-graph\">{\"@context\":\"https:\\\/\\\/schema.org\",\"@graph\":[{\"@type\":\"WebPage\",\"@id\":\"https:\\\/\\\/www.colorker.com\\\/de\\\/colecciones\\\/stone-community\\\/origen\\\/\",\"url\":\"https:\\\/\\\/www.colorker.com\\\/de\\\/colecciones\\\/stone-community\\\/origen\\\/\",\"name\":\"Origen - Colorker\",\"isPartOf\":{\"@id\":\"https:\\\/\\\/www.colorker.com\\\/de\\\/#website\"},\"datePublished\":\"2025-07-30T17:32:45+00:00\",\"dateModified\":\"2026-03-30T20:18:31+00:00\",\"breadcrumb\":{\"@id\":\"https:\\\/\\\/www.colorker.com\\\/de\\\/colecciones\\\/stone-community\\\/origen\\\/#breadcrumb\"},\"inLanguage\":\"de\",\"potentialAction\":[{\"@type\":\"ReadAction\",\"target\":[\"https:\\\/\\\/www.colorker.com\\\/de\\\/colecciones\\\/stone-community\\\/origen\\\/\"]}]},{\"@type\":\"BreadcrumbList\",\"@id\":\"https:\\\/\\\/www.colorker.com\\\/de\\\/colecciones\\\/stone-community\\\/origen\\\/#breadcrumb\",\"itemListElement\":[{\"@type\":\"ListItem\",\"position\":1,\"name\":\"Portada\",\"item\":\"https:\\\/\\\/www.colorker.com\\\/de\\\/\"},{\"@type\":\"ListItem\",\"position\":2,\"name\":\"Stone community\",\"item\":\"https:\\\/\\\/www.colorker.com\\\/de\\\/colecciones\\\/stone-community\\\/\"},{\"@type\":\"ListItem\",\"position\":3,\"name\":\"Origen\"}]},{\"@type\":\"WebSite\",\"@id\":\"https:\\\/\\\/www.colorker.com\\\/de\\\/#website\",\"url\":\"https:\\\/\\\/www.colorker.com\\\/de\\\/\",\"name\":\"Colorker\",\"description\":\"\",\"potentialAction\":[{\"@type\":\"SearchAction\",\"target\":{\"@type\":\"EntryPoint\",\"urlTemplate\":\"https:\\\/\\\/www.colorker.com\\\/de\\\/?s={search_term_string}\"},\"query-input\":{\"@type\":\"PropertyValueSpecification\",\"valueRequired\":true,\"valueName\":\"search_term_string\"}}],\"inLanguage\":\"de\"}]}<\/script>\n<!-- \/ Yoast SEO plugin. -->","yoast_head_json":{"title":"Origen - Colorker","robots":{"index":"index","follow":"follow","max-snippet":"max-snippet:-1","max-image-preview":"max-image-preview:large","max-video-preview":"max-video-preview:-1"},"canonical":"https:\/\/www.colorker.com\/de\/colecciones\/stone-community\/origen\/","og_locale":"de_DE","og_type":"article","og_title":"Origen - Colorker","og_description":"Origen nace de una piedra natural extra\u00edda de una cantera de Camboya. Su gr\u00e1fica de fondo claro, salpicado de f\u00f3siles en tonos c\u00e1lidos y delicadas vetas blancas, rica en matices org\u00e1nicos, transmite una calma visual profunda y una autenticidad atemporal, ahora reinterpretadas en una superficie cer\u00e1mica equilibrada y refinada. Gracias a la tecnolog\u00eda Spectra, incorpora [&hellip;]","og_url":"https:\/\/www.colorker.com\/de\/colecciones\/stone-community\/origen\/","og_site_name":"Colorker","article_modified_time":"2026-03-30T20:18:31+00:00","twitter_card":"summary_large_image","twitter_misc":{"Gesch\u00e4tzte Lesezeit":"1\u00a0Minute"},"schema":{"@context":"https:\/\/schema.org","@graph":[{"@type":"WebPage","@id":"https:\/\/www.colorker.com\/de\/colecciones\/stone-community\/origen\/","url":"https:\/\/www.colorker.com\/de\/colecciones\/stone-community\/origen\/","name":"Origen - Colorker","isPartOf":{"@id":"https:\/\/www.colorker.com\/de\/#website"},"datePublished":"2025-07-30T17:32:45+00:00","dateModified":"2026-03-30T20:18:31+00:00","breadcrumb":{"@id":"https:\/\/www.colorker.com\/de\/colecciones\/stone-community\/origen\/#breadcrumb"},"inLanguage":"de","potentialAction":[{"@type":"ReadAction","target":["https:\/\/www.colorker.com\/de\/colecciones\/stone-community\/origen\/"]}]},{"@type":"BreadcrumbList","@id":"https:\/\/www.colorker.com\/de\/colecciones\/stone-community\/origen\/#breadcrumb","itemListElement":[{"@type":"ListItem","position":1,"name":"Portada","item":"https:\/\/www.colorker.com\/de\/"},{"@type":"ListItem","position":2,"name":"Stone community","item":"https:\/\/www.colorker.com\/de\/colecciones\/stone-community\/"},{"@type":"ListItem","position":3,"name":"Origen"}]},{"@type":"WebSite","@id":"https:\/\/www.colorker.com\/de\/#website","url":"https:\/\/www.colorker.com\/de\/","name":"Colorker","description":"","potentialAction":[{"@type":"SearchAction","target":{"@type":"EntryPoint","urlTemplate":"https:\/\/www.colorker.com\/de\/?s={search_term_string}"},"query-input":{"@type":"PropertyValueSpecification","valueRequired":true,"valueName":"search_term_string"}}],"inLanguage":"de"}]}},"_links":{"self":[{"href":"https:\/\/www.colorker.com\/de\/wp-json\/wp\/v2\/colecciones\/66276","targetHints":{"allow":["GET"]}}],"collection":[{"href":"https:\/\/www.colorker.com\/de\/wp-json\/wp\/v2\/colecciones"}],"about":[{"href":"https:\/\/www.colorker.com\/de\/wp-json\/wp\/v2\/types\/colecciones"}],"up":[{"embeddable":true,"href":"https:\/\/www.colorker.com\/de\/wp-json\/wp\/v2\/colecciones\/66429"}],"wp:attachment":[{"href":"https:\/\/www.colorker.com\/de\/wp-json\/wp\/v2\/media?parent=66276"}],"wp:term":[{"taxonomy":"color","embeddable":true,"href":"https:\/\/www.colorker.com\/de\/wp-json\/wp\/v2\/color?post=66276"},{"taxonomy":"efecto","embeddable":true,"href":"https:\/\/www.colorker.com\/de\/wp-json\/wp\/v2\/efecto?post=66276"},{"taxonomy":"espacio","embeddable":true,"href":"https:\/\/www.colorker.com\/de\/wp-json\/wp\/v2\/espacio?post=66276"},{"taxonomy":"formato","embeddable":true,"href":"https:\/\/www.colorker.com\/de\/wp-json\/wp\/v2\/formato?post=66276"},{"taxonomy":"tipo","embeddable":true,"href":"https:\/\/www.colorker.com\/de\/wp-json\/wp\/v2\/tipo?post=66276"},{"taxonomy":"uso","embeddable":true,"href":"https:\/\/www.colorker.com\/de\/wp-json\/wp\/v2\/uso?post=66276"}],"curies":[{"name":"wp","href":"https:\/\/api.w.org\/{rel}","templated":true}]}}

<p>Origen nace de una piedra natural extraída de una cantera de Camboya. Su gráfica de fondo claro, salpicado de fósiles en tonos cálidos y delicadas vetas blancas, rica en matices orgánicos, transmite una calma visual profunda y una autenticidad atemporal, ahora reinterpretadas en una superficie cerámica equilibrada y refinada. Gracias a la tecnología Spectra, incorpora una textura suave que realza su carácter táctil sin alterar la pureza estética del conjunto.<br />
Disponible en un único tono —Bone—, se presenta en formatos 59.5&#215;59.5 cm, 59.5&#215;119.2 cm, 90&#215;90 cm y 120&#215;120 cm en acabado mate. Y si tu proyecto contempla zonas de exterior, también encontrarás versiones Grip+ en 90&#215;90 cm y 120&#215;120 cm.<br />
Origen es una colección pensada para espacios que apuestan por la naturalidad, la permanencia y una elegancia esencial; una propuesta cerámica que interpreta el legado fósil de la piedra desde una mirada contemporánea.<br />
La colección se amplía con dos decorados en formato 59,5&#215;119,2 cm que exploran nuevas lecturas de la piedra desde la sutileza del relieve. Decor presenta una estructura de bandas regulares que recorre la superficie con un ritmo pausado, generando un juego de luces y sombras de gran equilibrio. Lines, por su parte, interpreta el relieve desde una visión más contemporánea, con líneas finas y horizontales que fluyen con naturalidad, aportando sensación de continuidad y amplitud. Ambos diseños comparten una elegancia contenida y una profundidad visual que enriquecen el conjunto sin alterar su serenidad esencial, ampliando las posibilidades decorativas de Origen con una sensibilidad cálida, sobria y atemporal.</p>

<!-- This site is optimized with the Yoast SEO plugin v27.5 - https://yoast.com/product/yoast-seo-wordpress/ -->
<title>Origen - Colorker</title>
<meta name="robots" content="index, follow, max-snippet:-1, max-image-preview:large, max-video-preview:-1" />
<link rel="canonical" href="https://www.colorker.com/de/colecciones/stone-community/origen/" />
<meta property="og:locale" content="de_DE" />
<meta property="og:type" content="article" />
<meta property="og:title" content="Origen - Colorker" />
<meta property="og:description" content="Origen nace de una piedra natural extraída de una cantera de Camboya. Su gráfica de fondo claro, salpicado de fósiles en tonos cálidos y delicadas vetas blancas, rica en matices orgánicos, transmite una calma visual profunda y una autenticidad atemporal, ahora reinterpretadas en una superficie cerámica equilibrada y refinada. Gracias a la tecnología Spectra, incorpora [&hellip;]" />
<meta property="og:url" content="https://www.colorker.com/de/colecciones/stone-community/origen/" />
<meta property="og:site_name" content="Colorker" />
<meta property="article:modified_time" content="2026-03-30T20:18:31+00:00" />
<meta name="twitter:card" content="summary_large_image" />
<meta name="twitter:label1" content="Geschätzte Lesezeit" />
	<meta name="twitter:data1" content="1 Minute" />
<script type="application/ld+json" class="yoast-schema-graph">{"@context":"https:\/\/schema.org","@graph":[{"@type":"WebPage","@id":"https:\/\/www.colorker.com\/de\/colecciones\/stone-community\/origen\/","url":"https:\/\/www.colorker.com\/de\/colecciones\/stone-community\/origen\/","name":"Origen - Colorker","isPartOf":{"@id":"https:\/\/www.colorker.com\/de\/#website"},"datePublished":"2025-07-30T17:32:45+00:00","dateModified":"2026-03-30T20:18:31+00:00","breadcrumb":{"@id":"https:\/\/www.colorker.com\/de\/colecciones\/stone-community\/origen\/#breadcrumb"},"inLanguage":"de","potentialAction":[{"@type":"ReadAction","target":["https:\/\/www.colorker.com\/de\/colecciones\/stone-community\/origen\/"]}]},{"@type":"BreadcrumbList","@id":"https:\/\/www.colorker.com\/de\/colecciones\/stone-community\/origen\/#breadcrumb","itemListElement":[{"@type":"ListItem","position":1,"name":"Portada","item":"https:\/\/www.colorker.com\/de\/"},{"@type":"ListItem","position":2,"name":"Stone community","item":"https:\/\/www.colorker.com\/de\/colecciones\/stone-community\/"},{"@type":"ListItem","position":3,"name":"Origen"}]},{"@type":"WebSite","@id":"https:\/\/www.colorker.com\/de\/#website","url":"https:\/\/www.colorker.com\/de\/","name":"Colorker","description":"","potentialAction":[{"@type":"SearchAction","target":{"@type":"EntryPoint","urlTemplate":"https:\/\/www.colorker.com\/de\/?s={search_term_string}"},"query-input":{"@type":"PropertyValueSpecification","valueRequired":true,"valueName":"search_term_string"}}],"inLanguage":"de"}]}</script>
<!-- / Yoast SEO plugin. -->

Origen nace de una piedra natural extraída de una cantera de Camboya. Su gráfica de fondo claro, salpicado de fósiles en tonos cálidos y delicadas vetas blancas, rica en matices orgánicos, transmite una calma visual profunda y una autenticidad atemporal, ahora reinterpretadas en una superficie cerámica equilibrada y refinada. Gracias a la tecnología Spectra, incorpora [&hellip;]
