{"id":66272,"date":"2025-07-30T19:32:32","date_gmt":"2025-07-30T17:32:32","guid":{"rendered":"https:\/\/www.colorker.com\/colecciones\/luxor\/"},"modified":"2026-03-30T22:17:52","modified_gmt":"2026-03-30T20:17:52","slug":"luxor","status":"publish","type":"colecciones","link":"https:\/\/www.colorker.com\/de\/colecciones\/stone-community\/luxor\/","title":{"rendered":"Luxor"},"content":{"rendered":"<p>Luxor nace de la Caliza, una piedra sedimentaria de origen espa\u00f1ol que destaca por su textura homog\u00e9nea, su grano fino y sus suaves matices cremosos. Formada a lo largo de siglos por la acumulaci\u00f3n de f\u00f3siles marinos y carbonato c\u00e1lcico, esta piedra posee un car\u00e1cter natural y sereno, que se traduce en una propuesta cer\u00e1mica honesta y equilibrada.<br \/>\nSu gr\u00e1fica reproduce con fidelidad la riqueza visual de la caliza original, incorporando la tecnolog\u00eda Spectra para a\u00f1adir una textura ligera que refuerza su profundidad y tactilidad sin alterar su pureza est\u00e9tica.<br \/>\nDisponible en un \u00fanico color \u2014Sand\u2014, Luxor se presenta en formatos 59.5&#215;59.5cm, 59.5&#215;119.2cm, 90x90cm y 120x120cm, todos en acabado mate. Para proyectos en exterior, incluye versiones Grip+ en 90&#215;90 cm y 120&#215;120 cm, que garantizan continuidad est\u00e9tica y funcionalidad en espacios conectados.<br \/>\nLuxor es una colecci\u00f3n pensada para quienes buscan superficies sinceras, elegantes y duraderas; un dise\u00f1o donde la honestidad del origen y el trabajo cer\u00e1mico se funden con sensibilidad y precisi\u00f3n.<br \/>\nLa colecci\u00f3n Luxor se enriquece con dos decorados en formato 59.5&#215;119.2 cm, concebidos para aportar matices est\u00e9ticos distintos pero complementarios.<br \/>\nEl Decor presenta una delicada composici\u00f3n de motivos florales que se integran con sutileza sobre la superficie caliza, evocando una est\u00e9tica po\u00e9tica y natural. Gracias a la tecnolog\u00eda Spectra, sus texturas se revelan con un acabado sedoso que invita al tacto y realza la armon\u00eda visual del conjunto.<br \/>\nPor su parte, Lines introduce una lectura m\u00e1s contempor\u00e1nea del relieve, con finas l\u00edneas horizontales y suavemente redondeadas que recorren la superficie con serenidad. Su sutil movimiento aporta profundidad y amplitud al espacio, creando un efecto visual continuo que refuerza la sensaci\u00f3n de calma y equilibrio.<br \/>\nDos interpretaciones distintas de una misma esencia: la piedra en su estado m\u00e1s honesto, transformada en un lenguaje decorativo vers\u00e1til, elegante y atemporal.<\/p>\n","protected":false},"parent":66429,"menu_order":0,"template":"","meta":{"_acf_changed":false},"color":[313],"efecto":[529],"espacio":[485,489,493,497,501,505],"formato":[339,343,347,357,366,439],"tipo":[275,285,296,570],"uso":[507,511],"class_list":["post-66272","colecciones","type-colecciones","status-publish","hentry","color-fliesen-beige","efecto-fliesen-stein","espacio-fliesen-bad","espacio-fliesen-kueche","espacio-fliesen-wohnzimmer","espacio-fliesen-oeffentlicher-bereich","espacio-fliesen-schlafzimmer","espacio-fliesen-aussen","formato-fliesen-mittel","formato-fliesen-gross","formato-90-90-3-fliesen-gross","formato-60-60-4-fliesen-mittel","formato-60-120-3-fliesen-gross","formato-120-120-3-fliesen-gross","tipo-feinsteinzeug","tipo-matt-2","tipo-spectra-3d-4","tipo-grip-de","uso-bodenfliesen","uso-wandfliesen"],"acf":[],"yoast_head":"<!-- This site is optimized with the Yoast SEO plugin v27.5 - https:\/\/yoast.com\/product\/yoast-seo-wordpress\/ -->\n<title>Luxor - Colorker<\/title>\n<meta name=\"robots\" content=\"index, follow, max-snippet:-1, max-image-preview:large, max-video-preview:-1\" \/>\n<link rel=\"canonical\" href=\"https:\/\/www.colorker.com\/de\/colecciones\/stone-community\/luxor\/\" \/>\n<meta property=\"og:locale\" content=\"de_DE\" \/>\n<meta property=\"og:type\" content=\"article\" \/>\n<meta property=\"og:title\" content=\"Luxor - Colorker\" \/>\n<meta property=\"og:description\" content=\"Luxor nace de la Caliza, una piedra sedimentaria de origen espa\u00f1ol que destaca por su textura homog\u00e9nea, su grano fino y sus suaves matices cremosos. Formada a lo largo de siglos por la acumulaci\u00f3n de f\u00f3siles marinos y carbonato c\u00e1lcico, esta piedra posee un car\u00e1cter natural y sereno, que se traduce en una propuesta cer\u00e1mica [&hellip;]\" \/>\n<meta property=\"og:url\" content=\"https:\/\/www.colorker.com\/de\/colecciones\/stone-community\/luxor\/\" \/>\n<meta property=\"og:site_name\" content=\"Colorker\" \/>\n<meta property=\"article:modified_time\" content=\"2026-03-30T20:17:52+00:00\" \/>\n<meta name=\"twitter:card\" content=\"summary_large_image\" \/>\n<meta name=\"twitter:label1\" content=\"Gesch\u00e4tzte Lesezeit\" \/>\n\t<meta name=\"twitter:data1\" content=\"2\u00a0Minuten\" \/>\n<script type=\"application\/ld+json\" class=\"yoast-schema-graph\">{\"@context\":\"https:\\\/\\\/schema.org\",\"@graph\":[{\"@type\":\"WebPage\",\"@id\":\"https:\\\/\\\/www.colorker.com\\\/de\\\/colecciones\\\/stone-community\\\/luxor\\\/\",\"url\":\"https:\\\/\\\/www.colorker.com\\\/de\\\/colecciones\\\/stone-community\\\/luxor\\\/\",\"name\":\"Luxor - Colorker\",\"isPartOf\":{\"@id\":\"https:\\\/\\\/www.colorker.com\\\/de\\\/#website\"},\"datePublished\":\"2025-07-30T17:32:32+00:00\",\"dateModified\":\"2026-03-30T20:17:52+00:00\",\"breadcrumb\":{\"@id\":\"https:\\\/\\\/www.colorker.com\\\/de\\\/colecciones\\\/stone-community\\\/luxor\\\/#breadcrumb\"},\"inLanguage\":\"de\",\"potentialAction\":[{\"@type\":\"ReadAction\",\"target\":[\"https:\\\/\\\/www.colorker.com\\\/de\\\/colecciones\\\/stone-community\\\/luxor\\\/\"]}]},{\"@type\":\"BreadcrumbList\",\"@id\":\"https:\\\/\\\/www.colorker.com\\\/de\\\/colecciones\\\/stone-community\\\/luxor\\\/#breadcrumb\",\"itemListElement\":[{\"@type\":\"ListItem\",\"position\":1,\"name\":\"Portada\",\"item\":\"https:\\\/\\\/www.colorker.com\\\/de\\\/\"},{\"@type\":\"ListItem\",\"position\":2,\"name\":\"Stone community\",\"item\":\"https:\\\/\\\/www.colorker.com\\\/de\\\/colecciones\\\/stone-community\\\/\"},{\"@type\":\"ListItem\",\"position\":3,\"name\":\"Luxor\"}]},{\"@type\":\"WebSite\",\"@id\":\"https:\\\/\\\/www.colorker.com\\\/de\\\/#website\",\"url\":\"https:\\\/\\\/www.colorker.com\\\/de\\\/\",\"name\":\"Colorker\",\"description\":\"\",\"potentialAction\":[{\"@type\":\"SearchAction\",\"target\":{\"@type\":\"EntryPoint\",\"urlTemplate\":\"https:\\\/\\\/www.colorker.com\\\/de\\\/?s={search_term_string}\"},\"query-input\":{\"@type\":\"PropertyValueSpecification\",\"valueRequired\":true,\"valueName\":\"search_term_string\"}}],\"inLanguage\":\"de\"}]}<\/script>\n<!-- \/ Yoast SEO plugin. -->","yoast_head_json":{"title":"Luxor - Colorker","robots":{"index":"index","follow":"follow","max-snippet":"max-snippet:-1","max-image-preview":"max-image-preview:large","max-video-preview":"max-video-preview:-1"},"canonical":"https:\/\/www.colorker.com\/de\/colecciones\/stone-community\/luxor\/","og_locale":"de_DE","og_type":"article","og_title":"Luxor - Colorker","og_description":"Luxor nace de la Caliza, una piedra sedimentaria de origen espa\u00f1ol que destaca por su textura homog\u00e9nea, su grano fino y sus suaves matices cremosos. Formada a lo largo de siglos por la acumulaci\u00f3n de f\u00f3siles marinos y carbonato c\u00e1lcico, esta piedra posee un car\u00e1cter natural y sereno, que se traduce en una propuesta cer\u00e1mica [&hellip;]","og_url":"https:\/\/www.colorker.com\/de\/colecciones\/stone-community\/luxor\/","og_site_name":"Colorker","article_modified_time":"2026-03-30T20:17:52+00:00","twitter_card":"summary_large_image","twitter_misc":{"Gesch\u00e4tzte Lesezeit":"2\u00a0Minuten"},"schema":{"@context":"https:\/\/schema.org","@graph":[{"@type":"WebPage","@id":"https:\/\/www.colorker.com\/de\/colecciones\/stone-community\/luxor\/","url":"https:\/\/www.colorker.com\/de\/colecciones\/stone-community\/luxor\/","name":"Luxor - Colorker","isPartOf":{"@id":"https:\/\/www.colorker.com\/de\/#website"},"datePublished":"2025-07-30T17:32:32+00:00","dateModified":"2026-03-30T20:17:52+00:00","breadcrumb":{"@id":"https:\/\/www.colorker.com\/de\/colecciones\/stone-community\/luxor\/#breadcrumb"},"inLanguage":"de","potentialAction":[{"@type":"ReadAction","target":["https:\/\/www.colorker.com\/de\/colecciones\/stone-community\/luxor\/"]}]},{"@type":"BreadcrumbList","@id":"https:\/\/www.colorker.com\/de\/colecciones\/stone-community\/luxor\/#breadcrumb","itemListElement":[{"@type":"ListItem","position":1,"name":"Portada","item":"https:\/\/www.colorker.com\/de\/"},{"@type":"ListItem","position":2,"name":"Stone community","item":"https:\/\/www.colorker.com\/de\/colecciones\/stone-community\/"},{"@type":"ListItem","position":3,"name":"Luxor"}]},{"@type":"WebSite","@id":"https:\/\/www.colorker.com\/de\/#website","url":"https:\/\/www.colorker.com\/de\/","name":"Colorker","description":"","potentialAction":[{"@type":"SearchAction","target":{"@type":"EntryPoint","urlTemplate":"https:\/\/www.colorker.com\/de\/?s={search_term_string}"},"query-input":{"@type":"PropertyValueSpecification","valueRequired":true,"valueName":"search_term_string"}}],"inLanguage":"de"}]}},"_links":{"self":[{"href":"https:\/\/www.colorker.com\/de\/wp-json\/wp\/v2\/colecciones\/66272","targetHints":{"allow":["GET"]}}],"collection":[{"href":"https:\/\/www.colorker.com\/de\/wp-json\/wp\/v2\/colecciones"}],"about":[{"href":"https:\/\/www.colorker.com\/de\/wp-json\/wp\/v2\/types\/colecciones"}],"up":[{"embeddable":true,"href":"https:\/\/www.colorker.com\/de\/wp-json\/wp\/v2\/colecciones\/66429"}],"wp:attachment":[{"href":"https:\/\/www.colorker.com\/de\/wp-json\/wp\/v2\/media?parent=66272"}],"wp:term":[{"taxonomy":"color","embeddable":true,"href":"https:\/\/www.colorker.com\/de\/wp-json\/wp\/v2\/color?post=66272"},{"taxonomy":"efecto","embeddable":true,"href":"https:\/\/www.colorker.com\/de\/wp-json\/wp\/v2\/efecto?post=66272"},{"taxonomy":"espacio","embeddable":true,"href":"https:\/\/www.colorker.com\/de\/wp-json\/wp\/v2\/espacio?post=66272"},{"taxonomy":"formato","embeddable":true,"href":"https:\/\/www.colorker.com\/de\/wp-json\/wp\/v2\/formato?post=66272"},{"taxonomy":"tipo","embeddable":true,"href":"https:\/\/www.colorker.com\/de\/wp-json\/wp\/v2\/tipo?post=66272"},{"taxonomy":"uso","embeddable":true,"href":"https:\/\/www.colorker.com\/de\/wp-json\/wp\/v2\/uso?post=66272"}],"curies":[{"name":"wp","href":"https:\/\/api.w.org\/{rel}","templated":true}]}}

<p>Luxor nace de la Caliza, una piedra sedimentaria de origen español que destaca por su textura homogénea, su grano fino y sus suaves matices cremosos. Formada a lo largo de siglos por la acumulación de fósiles marinos y carbonato cálcico, esta piedra posee un carácter natural y sereno, que se traduce en una propuesta cerámica honesta y equilibrada.<br />
Su gráfica reproduce con fidelidad la riqueza visual de la caliza original, incorporando la tecnología Spectra para añadir una textura ligera que refuerza su profundidad y tactilidad sin alterar su pureza estética.<br />
Disponible en un único color —Sand—, Luxor se presenta en formatos 59.5&#215;59.5cm, 59.5&#215;119.2cm, 90x90cm y 120x120cm, todos en acabado mate. Para proyectos en exterior, incluye versiones Grip+ en 90&#215;90 cm y 120&#215;120 cm, que garantizan continuidad estética y funcionalidad en espacios conectados.<br />
Luxor es una colección pensada para quienes buscan superficies sinceras, elegantes y duraderas; un diseño donde la honestidad del origen y el trabajo cerámico se funden con sensibilidad y precisión.<br />
La colección Luxor se enriquece con dos decorados en formato 59.5&#215;119.2 cm, concebidos para aportar matices estéticos distintos pero complementarios.<br />
El Decor presenta una delicada composición de motivos florales que se integran con sutileza sobre la superficie caliza, evocando una estética poética y natural. Gracias a la tecnología Spectra, sus texturas se revelan con un acabado sedoso que invita al tacto y realza la armonía visual del conjunto.<br />
Por su parte, Lines introduce una lectura más contemporánea del relieve, con finas líneas horizontales y suavemente redondeadas que recorren la superficie con serenidad. Su sutil movimiento aporta profundidad y amplitud al espacio, creando un efecto visual continuo que refuerza la sensación de calma y equilibrio.<br />
Dos interpretaciones distintas de una misma esencia: la piedra en su estado más honesto, transformada en un lenguaje decorativo versátil, elegante y atemporal.</p>

<!-- This site is optimized with the Yoast SEO plugin v27.5 - https://yoast.com/product/yoast-seo-wordpress/ -->
<title>Luxor - Colorker</title>
<meta name="robots" content="index, follow, max-snippet:-1, max-image-preview:large, max-video-preview:-1" />
<link rel="canonical" href="https://www.colorker.com/de/colecciones/stone-community/luxor/" />
<meta property="og:locale" content="de_DE" />
<meta property="og:type" content="article" />
<meta property="og:title" content="Luxor - Colorker" />
<meta property="og:description" content="Luxor nace de la Caliza, una piedra sedimentaria de origen español que destaca por su textura homogénea, su grano fino y sus suaves matices cremosos. Formada a lo largo de siglos por la acumulación de fósiles marinos y carbonato cálcico, esta piedra posee un carácter natural y sereno, que se traduce en una propuesta cerámica [&hellip;]" />
<meta property="og:url" content="https://www.colorker.com/de/colecciones/stone-community/luxor/" />
<meta property="og:site_name" content="Colorker" />
<meta property="article:modified_time" content="2026-03-30T20:17:52+00:00" />
<meta name="twitter:card" content="summary_large_image" />
<meta name="twitter:label1" content="Geschätzte Lesezeit" />
	<meta name="twitter:data1" content="2 Minuten" />
<script type="application/ld+json" class="yoast-schema-graph">{"@context":"https:\/\/schema.org","@graph":[{"@type":"WebPage","@id":"https:\/\/www.colorker.com\/de\/colecciones\/stone-community\/luxor\/","url":"https:\/\/www.colorker.com\/de\/colecciones\/stone-community\/luxor\/","name":"Luxor - Colorker","isPartOf":{"@id":"https:\/\/www.colorker.com\/de\/#website"},"datePublished":"2025-07-30T17:32:32+00:00","dateModified":"2026-03-30T20:17:52+00:00","breadcrumb":{"@id":"https:\/\/www.colorker.com\/de\/colecciones\/stone-community\/luxor\/#breadcrumb"},"inLanguage":"de","potentialAction":[{"@type":"ReadAction","target":["https:\/\/www.colorker.com\/de\/colecciones\/stone-community\/luxor\/"]}]},{"@type":"BreadcrumbList","@id":"https:\/\/www.colorker.com\/de\/colecciones\/stone-community\/luxor\/#breadcrumb","itemListElement":[{"@type":"ListItem","position":1,"name":"Portada","item":"https:\/\/www.colorker.com\/de\/"},{"@type":"ListItem","position":2,"name":"Stone community","item":"https:\/\/www.colorker.com\/de\/colecciones\/stone-community\/"},{"@type":"ListItem","position":3,"name":"Luxor"}]},{"@type":"WebSite","@id":"https:\/\/www.colorker.com\/de\/#website","url":"https:\/\/www.colorker.com\/de\/","name":"Colorker","description":"","potentialAction":[{"@type":"SearchAction","target":{"@type":"EntryPoint","urlTemplate":"https:\/\/www.colorker.com\/de\/?s={search_term_string}"},"query-input":{"@type":"PropertyValueSpecification","valueRequired":true,"valueName":"search_term_string"}}],"inLanguage":"de"}]}</script>
<!-- / Yoast SEO plugin. -->

Luxor nace de la Caliza, una piedra sedimentaria de origen español que destaca por su textura homogénea, su grano fino y sus suaves matices cremosos. Formada a lo largo de siglos por la acumulación de fósiles marinos y carbonato cálcico, esta piedra posee un carácter natural y sereno, que se traduce en una propuesta cerámica [&hellip;]
